/2 + 3*s + 2. Give g(-3).
10
Let z(o) be the first derivative of -o**5/60 - o**4/8 + 5*o**3/6 + 5*o**2/2 + 2. Let l(h) be the second derivative of z(h). What is l(-5)?
-5
Let n be ((-2)/(-4))/(1/14). Suppose -2*d + 1 - n = 0. Let f(s) = s**3 + 3*s**2 + 2*s + 3. Calculate f(d).
-3
Let p(m) = -2*m**3 + 2*m**2 + 2. Let u be (-3)/1 + -2 + 11. Suppose -4*g + 3*z - u = 0, -2*z + 3 = -1. Suppose g = -2*r + 2*s - 6, 3*s = 5*r + s. What is p(r)?
-6
Let z(y) = 2*y - 4. Suppose -n + 20 = n. Suppose j = 3*j - n. Give z(j).
6
Let f(l) = l**3 - 4*l**2 + 2*l - 9. Let z be f(4). Let j(r) = -11*r**2 - 3*r - 1. Let w(y) = y**2 + y. Let k(i) = z*j(i) - 3*w(i). Calculate k(-1).
9
Suppose 5*d = a + 195, -2*a = 5*d - 0*a - 180. Let y be d/14 + (-4)/(-14). Let h(l) = 0*l**y - 5*l - l**3 - 7 + 3 - 4*l**2. Give h(-3).
2
Let v be ((-1)/3)/(5/(-60)). Let y(i) = i**2 - i + v + 0 + 2*i + 4*i. Calculate y(-5).
4
Suppose -30 = -7*i + 2*i. Let d(x) = -x**3 + 11*x**2 - 4*x - 7. Let j(z) = -z**3 + 12*z**2 - 4*z - 8. Let t(v) = 5*d(v) - 4*j(v). Determine t(i).
9
Let g(n) be the first derivative of -n**2/2 + 3*n - 47. Give g(-4).
7
Let k(d) be the second derivative of -2*d - 5/2*d**2 + 1/12*d**4 - 1/6*d**3 + 0. Give k(0).
-5
Let l be ((-1)/(-3))/((-8)/(-24)). Let h(n) = -5*n**3 - n**2 - n + 1. Calculate h(l).
-6
Let s(u) be the third derivative of -5*u**4/12 + u**3/6 - u**2. Suppose -4*l = -26 + 6. Let q = l + -4. Give s(q).
-9
Let i = -4 + 8. Let b be 5*(-2 - -1)*1. Let z be b/(-1) - 8/i. Let w(x) = -x**2 + x + 2. Calculate w(z).
-4
Suppose -5*d - 4*v = -32, 2*d + 4 = -2*v + 18. Let t(o) = 0*o**3 - o**3 + 0*o - d*o**2 - 3*o. Suppose 3*c = 4*r + 7, 5*c - r = 3*r + 1. Calculate t(c).
0
Let b = 6 - 4. Suppose 0 = a - b. Suppose a*x = -2*x - 4. Let c(l) = 5*l**3 + 2*l + 1. Determine c(x).
-6
Suppose 4*h = -8, -b - 12 = -2*b + 4*h. Let i(k) = -2*k + 2. What is i(b)?
-6
Let j = 15 + -11. Suppose -j*b + 10 = 2, -2*q + 18 = 5*b. Let w(r) = -r**3 + r - 1. Let l(f) = 6*f**3 - 3*f**2 - 10*f + 5. Let n(a) = l(a) + 5*w(a). Give n(q).
-4
Let m(t) = 4*t**2 + t. Let g be m(-2). Let p be (-8)/(-12)*3*-5. Let c = g + p. Let y(z) = z**3 - 4*z**2 + 3*z - 2. Give y(c).
10
Let z = 13 - 8. Let x(i) = 7*i**3 - 3*i**2 + i - 7. Let c(f) = 4*f**3 - f**2 - 3. Let b(j) = z*c(j) - 3*x(j). Let h(q) = -q + 8. Let n be h(4). What is b(n)?
-6
Let p(n) = -n**2 + 4*n - 2. Let i = 16 - 12. Determine p(i).
-2
Let m(y) = -3*y - 5. Let h = 6 + -4. Let c be 1 - (-2 + h) - 5. What is m(c)?
7
Let a(r) = -4*r**3 - 7*r**2 - 6*r - 4. Let y be 2*1/(-2)*3. Let m(q) = -7*q**3 - 13*q**2 - 11*q - 7. Let b(l) = y*m(l) + 5*a(l). Determine b(-2).
3
Let a(m) = 6*m**3 - 2*m**2 - 5*m - 2. Let c(u) = -12*u**3 + 5*u**2 + 11*u + 5. Let p(l) = -7*a(l) - 3*c(l). Let q be ((-2)/(-4))/((-7)/(-14)). Determine p(q).
-6
Let q(p) be the first derivative of -p**7/840 + p**6/72 - p**3 - 1. Let m(h) be the third derivative of q(h). Suppose -3*z = -2*z - 5. What is m(z)?
0
Let u be (-752)/(-48) - 4/6. Suppose -3*c = 2*c - u. Let p(k) = -k**2 + 2*k - 4. Calculate p(c).
-7
Suppose t + 6 = y - 4*y, -5*y = 5*t. Suppose -2*j = -4*w + 16, 2*w - 2*j = 3*j + 24. Let b(g) = 0*g + 2*g**3 + 2*g**w - g**3 - 2 - 2*g. Determine b(y).
-5
Let y(g) be the first derivative of g**2/2 + 2*g - 6. Let n(q) = -q**2 - q + 1. Let t be n(1). Give y(t).
1
Let z(a) be the third derivative of -1/3*a**3 + 3*a**2 + 1/24*a**4 + 0*a + 1/60*a**5 + 0. What is z(3)?
10
Let b(y) = y + 2. Let z = -31 - -36. Give b(z).
7
Let z(k) = 0 - 3 + 3*k - k**2 + 0. Suppose -d - 2 = -2*d. Calculate z(d).
-1
Let v(z) = 10*z - 23*z + 6*z + 3 + 3. What is v(4)?
-22
Let c be 104/32 - (-2)/(-8). Let w(u) = -u - 2*u + 6*u + c. Suppose 5*m - p + 2 = -3*p, 0 = -m + 5*p - 22. What is w(m)?
-3
Let v(c) = -3*c**2 + 3 - 1 - 3*c + 4*c**2 + c**3. Calculate v(-3).
-7
Let b(w) = w. Let t(f) = -f - 4. Let i(o) = -2*b(o) - t(o). What is i(3)?
1
Suppose -5*o + 0*o + 16 = 2*q, 0 = 5*q + 5*o - 10. Let b(z) = z + 1. What is b(q)?
-1
Suppose 2*t = -2*t - 16. Suppose -3*g - 2*m = -4*m + 2, -g = -4*m + 4. Let r(h) = 3*h**2 + h**3 - 4 - 5*h + g - 1. Determine r(t).
-1
Let y(z) = -51*z**2 + 11*z - 11. Let f(i) be the second derivative of 5*i**4/6 - i**3/3 + i**2 - i. Let w(x) = -11*f(x) - 2*y(x). Calculate w(-1).
-8
Let k(q) = 2*q. Let n(x) = x**2 + 3*x - 4. Let d be n(-4). Let u = 4 - d. Suppose -4*m + 13 + 7 = 0, u*w + 2*m = -2. What is k(w)?
-6
Suppose 0 = -5*g - 3*g. Let v(n) be the third derivative of -1/60*n**5 + g*n + 1/4*n**4 - n**2 + 0 + 0*n**3. What is v(5)?
5
Let u(n) = 10*n**3 + 2*n - 3*n - 4*n**3 - n**2. What is u(-1)?
-6
Let h(f) = 1. Let s(a) = a + 4. Let k(u) = 4*h(u) - s(u). Calculate k(-6).
6
Let m(j) = -j - 11. Let f be m(-7). Let o(w) = -w - 4. Determine o(f).
0
Let k(o) = -2*o - 2. Suppose -5*j + 4*c - 26 = 0, -3*j - j = 2*c. What is k(j)?
2
Let j(c) be the first derivative of -4*c**2 + c + 2. Give j(1).
-7
Let x(r) = r + 1. Let u(y) = y - 3. Let z(d) = -u(d) - 4*x(d). What is z(-2)?
9
Let m(d) = -2*d**3 + 3*d**2 + d - 2. Let p = 7 - 3. Suppose 0 = -0*r - 2*r + p. Give m(r).
-4
Suppose 2*s = -s + 12. Suppose -2*a - 10 = f + 1, -16 = s*a. Let h = 5 + f. Let r(u) = 2*u**3 - 3*u**2 + u - 2. What is r(h)?
4
Let y(t) = t - 2. Let b be y(1). Let d(o) = o + 4*o - 1 - 4*o. Calculate d(b).
-2
Let r(h) = 2*h + 5. Let y = 48 - 25. Suppose 3*z - 5*q = 13, -2*z + q - y = 4*q. Calculate r(z).
-3
Let b(k) = -k**2 - 7*k - 6. Let i = 31 - 37. Calculate b(i).
0
Let v(r) = 2*r**3 - 3*r**2 + 3*r - 3. Let u(g) = -6*g - 1. Let a be u(-1). Suppose 5*j = 3*s - 30, -2*j + 19 = 3*s + 2*s. Let l = a + j. Calculate v(l).
7
Let x(p) = p**3 + 4*p**2 - 5*p + 3. Let v be x(-5). Let i(b) = -3*b - 14. Let g(w) = w + 7. Let c(d) = -5*g(d) - 2*i(d). Determine c(v).
-4
Let m(r) = r**3 - 5*r**2 - 10*r + 2. Let a be m(7). Suppose -3*h + 4*d + 0 = -5, -4*h - 2*d = a. Let j be ((-2)/(-4))/(h/10). Let s(i) = 5*i**2. Calculate s(j).
5
Let r(w) be the third derivative of w**4/24 + w**3/6 - w**2. Suppose s - 21 = -10. Let t = s - 8. What is r(t)?
4
Let j(d) = -2*d**2 + 17*d + 13. Let v(t) = t**2 - 8*t - 6. Let k(z) = 6*j(z) + 13*v(z). Calculate k(3).
3
Let j(r) = 8*r. Let x(d) be the first derivative of d**4/4 - 5*d**3/3 - d**2/2 + 6*d - 1. Let q be x(5). What is j(q)?
8
Let x(r) = -r**2 - 8*r - 1. Suppose -10*a = -7*a + 24. Give x(a).
-1
Let v(x) = 7*x**2 + 1. Let t(b) = -b**2 + b. Let s(a) = 2*a**2 - 4*a - 1. Let p(g) = -s(g) - t(g). Let w be p(3). What is v(w)?
8
Let h(m) be the second derivative of -m**3/6 + 11*m**2/2 + 4*m. Give h(5).
6
Let r(s) = -s**2 + 3*s. Let m(c) = -2*c**2 + 6*c + 1. Let l(x) = -3*m(x) + 5*r(x). What is l(3)?
-3
Suppose m = -4 - 1. Let w(x) be the first derivative of x**5/60 + x**4/6 - 2*x**3/3 - 3*x**2/2 - 2. Let t(u) be the second derivative of w(u). Calculate t(m).
1
Let r(w) = 3*w**2 - 3*w - 1. Let o(v) = -7*v**2 + 6*v + 1. Let q(d) = -2*o(d) - 5*r(d). Let g = -3 + 2. Let a = g - -4. Calculate q(a).
3
Let w(b) = -200*b + 205*b + 0*b**3 - 4*b**2 - 6 - b**3. Determine w(-5).
-6
Let w(x) = -x**2 + 14*x - 13. Let a be w(13). Let p(g) = g**3 + 9. Determine p(a).
9
Let m(s) = -s**3 - 7*s**2 - 8*s - 6. Suppose 4*n + 16 = 2*n. Let i be -1 + 0 + n + 3. Calculate m(i).
6
Let c = 1 + -8. Let s = 6 + c. Let m(q) = q**3 - q. What is m(s)?
0
Let w(k) = -5*k - 3. Let q(s) = -4*s - 2. Let t(a) = 6*q(a) - 5*w(a). Calculate t(-3).
0
Let d(o) = o**3 - 2*o**2 + 1. Suppose -16 = 4*q, -3*q - 14 = -0*g - 2*g. Let b = 3 - g. Suppose p + 3*a = 10, -2*p + 8 = -0*p + b*a. Give d(p).
0
Let j(r) be the second derivative of -r**4/12 + 2*r**3/3 - r**2/2 + r. Suppose -2*a + 10 = 3*a + b, 3*a - 24 = 3*b. Calculate j(a).
2
Let u(t) = -3*t - 3*t + 10*t - 3*t. Calculate u(2).
2
Let p(t) be the third derivative of t**5/60 + t**4/12 + t**3/6 - 12*t**2. Calculate p(-5).
16
Let x = -870 + 871. Let r(o) be the second derivative of -4*o**5/5 - o**4/6 + o**2/2 + o. What is r(x)?
-17
Let p(n) = -n + 12. Let h be (-2)/8 - (-15)/12. Suppose k - 3*a = h, 13 = 3*k - 4*a - 0*a. Calculate p(k).
5
Let d(p) = 5*p**2 - 29*p - 12. Let h be d(6). Let g(u) = -1 - 2*u + 0 - 2. What is g(h)?
9
Let r = 8 + -6. Suppose 2*c + 4 = -r. Let g be 1/((-1)/((-3)/c)). Let w(s) = -s**3 + s**2 + s. Determine w(g).
1
Let p(x) = x**2 + 5*x - 6. Let h(v) = -6*v**3 - 2*v**2 + 9*v - 8